{"id":108,"date":"2014-12-24T18:40:22","date_gmt":"2014-12-24T17:40:22","guid":{"rendered":"http:\/\/ipmproizvodi.com\/bih\/\/?post_type=product&#038;p=108"},"modified":"2024-05-16T22:01:32","modified_gmt":"2024-05-16T20:01:32","slug":"vodic-za-prirodni-porodaj-ina-mej-gaskin","status":"publish","type":"product","link":"https:\/\/ipmproizvodi.com\/bih\/proizvod\/vodic-za-prirodni-porodaj-ina-mej-gaskin\/","title":{"rendered":"Vodi\u010d za prirodni poro\u0111aj"},"content":{"rendered":"<p>Najbolja knjiga o prirodnom (ku\u0107nom) poro\u0111aju poznate svetske babice Ine Mej Gaskin, koju bi svaki \u010dovek (i mu\u0161karac i \u017eena) obavezno trebao da pro\u010dita. To va\u017ei i za osobe koje ne planiraju da vi\u0161e budu roditelji jer je potrebno da i oni znaju va\u017ene stvari oko pora\u0111anja, kako bi posavetovali i uputili mla\u0111e.<\/p>\n","protected":false},"excerpt":{"rendered":"<p>&#8211; Priru\u010dnik za ku\u0107no pora\u0111anje<\/p>\n<p><strong><br \/>\nAutor:<\/strong> Ina Mej Gaskin<\/p>\n<p><strong>Povez:<\/strong> Meki<\/p>\n<p><strong>Broj strana:<\/strong> 254<\/p>\n<p><strong>Format:<\/strong> A5 (21 x 14,5 cm)<\/p>\n","protected":false},"featured_media":109,"template":"","meta":[],"product_brand":[],"product_cat":[38],"product_tag":[105,104],"class_list":{"0":"post-108","1":"product","2":"type-product","3":"status-publish","4":"has-post-thumbnail","6":"product_cat-knjige","7":"product_tag-ina-mej-gaskin","8":"product_tag-vodic-za-prirodni-porodaj","10":"first","11":"instock","12":"shipping-taxable","13":"purchasable","14":"product-type-simple"},"_links":{"self":[{"href":"https:\/\/ipmproizvodi.com\/bih\/wp-json\/wp\/v2\/product\/108","targetHints":{"allow":["GET"]}}],"collection":[{"href":"https:\/\/ipmproizvodi.com\/bih\/wp-json\/wp\/v2\/product"}],"about":[{"href":"https:\/\/ipmproizvodi.com\/bih\/wp-json\/wp\/v2\/types\/product"}],"wp:featuredmedia":[{"embeddable":true,"href":"https:\/\/ipmproizvodi.com\/bih\/wp-json\/wp\/v2\/media\/109"}],"wp:attachment":[{"href":"https:\/\/ipmproizvodi.com\/bih\/wp-json\/wp\/v2\/media?parent=108"}],"wp:term":[{"taxonomy":"product_brand","embeddable":true,"href":"https:\/\/ipmproizvodi.com\/bih\/wp-json\/wp\/v2\/product_brand?post=108"},{"taxonomy":"product_cat","embeddable":true,"href":"https:\/\/ipmproizvodi.com\/bih\/wp-json\/wp\/v2\/product_cat?post=108"},{"taxonomy":"product_tag","embeddable":true,"href":"https:\/\/ipmproizvodi.com\/bih\/wp-json\/wp\/v2\/product_tag?post=108"}],"curies":[{"name":"wp","href":"https:\/\/api.w.org\/{rel}","templated":true}]}}