{"id":116,"date":"2014-12-24T19:06:08","date_gmt":"2014-12-24T18:06:08","guid":{"rendered":"http:\/\/ipmproizvodi.com\/bih\/\/?post_type=product&#038;p=116"},"modified":"2024-05-16T21:57:47","modified_gmt":"2024-05-16T19:57:47","slug":"ishrana-za-sportiste","status":"publish","type":"product","link":"https:\/\/ipmproizvodi.com\/bih\/proizvod\/ishrana-za-sportiste\/","title":{"rendered":"Ishrana za sportiste"},"content":{"rendered":"<p>U sportu, kao i u \u017eivotu, postoje \u201cigra\u010di\u201d i \u201cposmatra\u010di\u201d. Igra\u010di uvek ostvaruju pozitivan rezultat, pa i onda kada rezultatski gube na terenu. Sa druge strane, posmatra\u010di uglavnom zavise od drugih \u2013 oni veruju da su pobedili ako neko za njih pobe\u0111uje, i od te pobede nemaju veliku korist. Va\u017eno je znati da je svako od nas stvoren da bude igra\u010d, i da bude pobednik u \u017eivotu, bez obzira kojim se poslom bavio.<\/p>\n<p>Saznajte kako da uz pomo\u0107 jednostavne ishrane i zdravih \u017eivotnih navika steknete snagu, izdr\u017eljivost i motivaciju za ostvarivanje najve\u0107ih rezultata.<\/p>\n","protected":false},"excerpt":{"rendered":"<p>&#8211; Priru\u010dnik za prirodno ja\u010danje tela, podizanje motivacije i le\u010denje povreda<\/p>\n<p><strong><br \/>\nAutor:<\/strong> dr Milisav Nikoli\u0107<\/p>\n<p><strong>Povez:<\/strong>\u00a0tvrdi<\/p>\n<p><strong>Broj strana:<\/strong> 195<\/p>\n<p><strong>Format:<\/strong>\u00a0skra\u0107eni A5 (11,5 x 19 cm)<\/p>\n","protected":false},"featured_media":117,"template":"","meta":[],"product_brand":[],"product_cat":[38],"product_tag":[109,110,172,174,173],"class_list":{"0":"post-116","1":"product","2":"type-product","3":"status-publish","4":"has-post-thumbnail","6":"product_cat-knjige","7":"product_tag-dr-milisav-nikolic","8":"product_tag-ishrana-za-sportiste","9":"product_tag-jacanje-tela","10":"product_tag-lecenje-povreda","11":"product_tag-podizanje-motivacije","13":"first","14":"instock","15":"shipping-taxable","16":"purchasable","17":"product-type-simple"},"_links":{"self":[{"href":"https:\/\/ipmproizvodi.com\/bih\/wp-json\/wp\/v2\/product\/116","targetHints":{"allow":["GET"]}}],"collection":[{"href":"https:\/\/ipmproizvodi.com\/bih\/wp-json\/wp\/v2\/product"}],"about":[{"href":"https:\/\/ipmproizvodi.com\/bih\/wp-json\/wp\/v2\/types\/product"}],"wp:featuredmedia":[{"embeddable":true,"href":"https:\/\/ipmproizvodi.com\/bih\/wp-json\/wp\/v2\/media\/117"}],"wp:attachment":[{"href":"https:\/\/ipmproizvodi.com\/bih\/wp-json\/wp\/v2\/media?parent=116"}],"wp:term":[{"taxonomy":"product_brand","embeddable":true,"href":"https:\/\/ipmproizvodi.com\/bih\/wp-json\/wp\/v2\/product_brand?post=116"},{"taxonomy":"product_cat","embeddable":true,"href":"https:\/\/ipmproizvodi.com\/bih\/wp-json\/wp\/v2\/product_cat?post=116"},{"taxonomy":"product_tag","embeddable":true,"href":"https:\/\/ipmproizvodi.com\/bih\/wp-json\/wp\/v2\/product_tag?post=116"}],"curies":[{"name":"wp","href":"https:\/\/api.w.org\/{rel}","templated":true}]}}