{"id":412,"date":"2015-01-06T21:20:31","date_gmt":"2015-01-06T20:20:31","guid":{"rendered":"http:\/\/ipmproizvodi.com\/bih\/\/?post_type=product&#038;p=412"},"modified":"2022-02-14T04:16:34","modified_gmt":"2022-02-14T03:16:34","slug":"otrov-sa-velikim-k","status":"publish","type":"product","link":"https:\/\/ipmproizvodi.com\/bih\/proizvod\/otrov-sa-velikim-k\/","title":{"rendered":"Otrov sa velikim K"},"content":{"rendered":"<p>\u0160ta se krije u popularnom napitku &#8211; kafi, i jo\u0161 popularnijem slatki\u0161u &#8211; \u010dokoladi? Kako su poreme\u0107aji kod dece, problemi sa srcem i druge bolesti uzrokovane konzumiranjem namirnica na bazi kofeina?<\/p>\n<p>\u201eBraon napici\u201d i \u010dokolada predstavljaju podmuklu vojsku supstanci koje su me\u0111usobno povezane svojim sli\u010dnim na\u010dinom prikrivenog ratovanja protiv ljudskog tela. Oni su op\u010dinjavaju\u0107i poput sirena iz gr\u010dke mitologije &#8211; pesma im je slatka, ali je kraj zaista gorak. Informacije sa kojima bi svako trebao da se upozna.<\/p>\n","protected":false},"excerpt":{"rendered":"<p>&#8211; Slu\u010daj protiv kafe i drugih braon napitaka<\/p>\n<p><strong style=\"line-height: 1.5;\"><br \/>\nAutor:<\/strong><span style=\"line-height: 1.5;\"> dr Agata Tre\u0161<\/span><\/p>\n<p><strong>Povez:<\/strong> meki<\/p>\n<p><strong>Broj strana:<\/strong> 54<\/p>\n<p><strong>Format:<\/strong> A6 (14,5 x 10,5 cm)<\/p>\n","protected":false},"featured_media":413,"template":"","meta":[],"product_brand":[],"product_cat":[38],"product_tag":[],"class_list":{"0":"post-412","1":"product","2":"type-product","3":"status-publish","4":"has-post-thumbnail","6":"product_cat-knjige","8":"first","9":"instock","10":"shipping-taxable","11":"purchasable","12":"product-type-simple"},"_links":{"self":[{"href":"https:\/\/ipmproizvodi.com\/bih\/wp-json\/wp\/v2\/product\/412","targetHints":{"allow":["GET"]}}],"collection":[{"href":"https:\/\/ipmproizvodi.com\/bih\/wp-json\/wp\/v2\/product"}],"about":[{"href":"https:\/\/ipmproizvodi.com\/bih\/wp-json\/wp\/v2\/types\/product"}],"wp:featuredmedia":[{"embeddable":true,"href":"https:\/\/ipmproizvodi.com\/bih\/wp-json\/wp\/v2\/media\/413"}],"wp:attachment":[{"href":"https:\/\/ipmproizvodi.com\/bih\/wp-json\/wp\/v2\/media?parent=412"}],"wp:term":[{"taxonomy":"product_brand","embeddable":true,"href":"https:\/\/ipmproizvodi.com\/bih\/wp-json\/wp\/v2\/product_brand?post=412"},{"taxonomy":"product_cat","embeddable":true,"href":"https:\/\/ipmproizvodi.com\/bih\/wp-json\/wp\/v2\/product_cat?post=412"},{"taxonomy":"product_tag","embeddable":true,"href":"https:\/\/ipmproizvodi.com\/bih\/wp-json\/wp\/v2\/product_tag?post=412"}],"curies":[{"name":"wp","href":"https:\/\/api.w.org\/{rel}","templated":true}]}}